of y.
2, 3
Let l(k) = -k**2 + 11*k - 9. What are the prime factors of l(4)?
19
Let n = 20 + 40. Suppose -b = -5*b + n. List the prime factors of b.
3, 5
Let p(o) = 4*o**3 - 15*o**2 + 5*o - 6. Let w(m) = -7*m**3 + 29*m**2 - 9*m + 13. Let d(v) = -5*p(v) - 3*w(v). What are the prime factors of d(12)?
3, 5
Suppose -2*o + 28 = 4*p, 4*p - 12 + 0 = 2*o. List the prime factors of o.
2
List the prime factors of 28/14 - (1 - 67).
2, 17
Suppose -5*f = -0*f - i, -5*f + 2*i = 0. Suppose f = c - 1 - 4. What are the prime factors of c?
5
Let n = -59 - -132. Suppose 77 + n = 5*r. Suppose -u = -3*y + 3*u + 28, 0 = -2*y - 3*u + r. What are the prime factors of y?
2, 3
Suppose 6 + 0 = 3*w. Let s(l) = 3*l - 19. Let o be s(8). Suppose w*d + z - o*z = 38, 0 = d - z - 18. List the prime factors of d.
17
Let r(k) = -6*k**3 + k**2 - 2. Let o be r(2). Let q = o - -80. What are the prime factors of q?
2, 17
Suppose 12 = 5*x + 2. Suppose 82 = x*y + 3*y + 2*i, 5*i = 3*y - 43. List the prime factors of y.
2
Let b(y) = -y**3 - 7*y**2 - 3*y - 4. Let h be b(-7). Let t = 73 - h. What are the prime factors of t?
2, 7
Let a(i) = -4*i + 7*i - 2 - 2*i. Let o be a(4). Suppose 5 = o*u + 1. List the prime factors of u.
2
Let m be -7*(0 + (-30)/(-7)). Let z be m*(1 + 14/(-10)). Let y = z + -1. List the prime factors of y.
11
Suppose 3*v = -4*v + 406. List the prime factors of v.
2, 29
Suppose 10*k = k + 1647. List the prime factors of k.
3, 61
Let l = 7 - 7. Let z be (l/2)/(-2 - -4). What are the prime factors of z - (-18)/4*2?
3
What are the prime factors of 19/((-26)/(-8) + -3)?
2, 19
Let k = 28 + -26. List the prime factors of k.
2
List the prime factors of ((-227)/7 - 1)/((-3)/14).
2, 3, 13
Let v(i) = -i**3 + 2*i**2 + 3*i + 4. Let k be v(3). List the prime factors of k*((-5)/(-4) - 0).
5
Suppose -k + 8 = -10. Let b = k - 13. Suppose 3*j - b - 4 = -3*h, j + 5 = h. List the prime factors of h.
2
Let q be (2 + 0 + 1)*1. Let d(z) = -2*z**3 + z + 0*z**q + z**3 + 1 + 3*z**2. List the prime factors of d(3).
2
Let g be -6*3/(-6)*3. Suppose -6*v = -g*v + 15. Suppose -v*r = i - 30, -4*r + i + 24 = -2*i. List the prime factors of r.
2, 3
Let y(j) = -3*j**3 - 2*j**2 - 16. Let h(o) = -16*o**3 - 11*o**2 - 80. Let k(t) = 2*h(t) - 11*y(t). What are the prime factors of k(0)?
2
Suppose 2*d = 2*p - 4, 7 + 4 = -3*d + 4*p. Let x = d + 0. What are the prime factors of x?
3
Suppose 0*h = -5*h + 15. Suppose -c = -4*n - 40, -95 = -c - h*c + 3*n. List the prime factors of c.
2, 5
Suppose 7*o - 11*o + 96 = 0. List the prime factors of o.
2, 3
Let n(x) be the third derivative of 0 - 1/24*x**4 + 1/2*x**3 - 3*x**2 + 0*x. List the prime factors of n(-3).
2, 3
Suppose 4*s - 26 = -a, -s + 143 = 3*a - 2*s. What are the prime factors of a?
2, 23
Let w(c) = c**3 + 2*c**2 - 1. Let i be w(-2). Let g = 1 - i. Suppose 4*p - 37 = y, -34 + 13 = -g*p + 3*y. What are the prime factors of p?
3
Suppose 16 = 3*a - 8. List the prime factors of a.
2
Let h(b) = -2*b**3 - 3*b**2 + 4*b + 1. What are the prime factors of h(-3)?
2
Let f(n) = -15*n - 3. Let r be f(-4). What are the prime factors of (r/6*4)/2?
19
Let m be (32/40)/((-4)/10). Let s = 29 - m. List the prime factors of s.
31
Let g = -4 - -5. List the prime factors of 15 + (g - 2/(-1)).
2, 3
Let s be (-1 + 3)/(8/(-160)). Let o = -6 - s. What are the prime factors of o?
2, 17
Let d(g) = -g**2 - 6*g. Let p be d(-5). Suppose -f = 2 - p. Suppose -f*j - 15 = -6*j. What are the prime factors of j?
5
Let z = 8 + -5. Suppose 6*u - z*u + 5*q - 36 = 0, 5*q - 50 = -5*u. List the prime factors of u.
7
Let d(f) = -f. Let z be d(-6). Suppose z*t = 3*t + 45. What are the prime factors of t?
3, 5
Suppose 18 = -y + 5*h, -2*y - 2 - 2 = -2*h. Suppose -1 = -2*n - i + y, 0 = 4*n + 4*i + 4. Suppose o = -n*o + 30. List the prime factors of o.
2, 3
Suppose 0 = 4*y - 103 - 29. Suppose 3*r + y = 6*r. List the prime factors of r.
11
Let y = 12 + -20. Let w = y + 13. Suppose -w*o + 52 = -o. What are the prime factors of o?
13
Suppose -s + 5 = 1. Let h(z) = -z + 5. Let n be h(s). What are the prime factors of (n/1)/((-3)/(-36))?
2, 3
Let r be (99/3)/(-3) - 3. Let l = 36 + r. What are the prime factors of l?
2, 11
Let r(x) be the first derivative of -x**4/4 - 7*x**3/3 - x**2/2 + 2. List the prime factors of r(-7).
7
Suppose -134 = 8*i - 574. What are the prime factors of i?
5, 11
Let t be ((-32)/(-24))/((-4)/(-54)). Let x be (-6)/4*(-16)/6. Let q = t - x. What are the prime factors of q?
2, 7
Let g be 5 - (-3)/(-9)*3. Suppose -4*d = -4*t - 106 + 22, -g*d - t + 69 = 0. List the prime factors of d*-4*(-3)/18.
2, 3
Let z(q) = -6 + 3 + 14 + 10*q - q**2. Suppose -72 = 2*t - 10*t. What are the prime factors of z(t)?
2, 5
Let h be (2/6)/((-2)/(-12)). Suppose 30 = 2*u + u - g, -h*u - 5*g = -3. List the prime factors of u.
3
Suppose -2*o + 3*i = -37, 5*i = 1 - 6. Let f = 42 - o. Let r = -17 + f. List the prime factors of r.
2
Let b = 15 + 25. List the prime factors of b.
2, 5
Let i = -33 + 46. Let s = i + -10. What are the prime factors of s?
3
Let g be (0 - 3/(-3)) + -1. Suppose g = 4*s - 5 - 31. What are the prime factors of s?
3
Let w(u) = u**3 + 4*u**2 + u + 4. Let h be w(-4). Suppose -2*i = 3*v + 2*v - 66, -2*v + 3*i + 34 = h. List the prime factors of v.
2, 7
Let f = -30 + 43. Suppose -3 + f = d. What are the prime factors of d?
2, 5
Let y(v) be the third derivative of -7*v**4/24 - 2*v**3/3 + 6*v**2. List the prime factors of y(-4).
2, 3
Suppose -10*p = -6*p - 808. What are the prime factors of p?
2, 101
Suppose -4*z + 6*z + 6 = 0. Let h(o) = 3 - 2*o + 0*o + o. List the prime factors of h(z).
2, 3
Let x(m) = 13*m**2 + 2*m + 1. Let s(l) = 2 + 8*l + 3 + 1 + l**2. Let v be s(-7). What are the prime factors of x(v)?
2, 3
Suppose -5 = -4*j + 15. Suppose 6 = g - j. List the prime factors of g.
11
Let v be 14/10 - (-3)/5. Let l(z) = 4 - 3*z - 1 - 5 + v*z. What are the prime factors of l(-7)?
5
Suppose -4*r + 3*p = -15, -r = -4*r - 4*p - 20. Let j = r - -2. List the prime factors of 12 + j + 0/(-1).
2, 7
Let t = 282 + -166. What are the prime factors of t?
2, 29
Let u(m) = -33*m + 1. List the prime factors of u(-1).
2, 17
Let l(w) = -2*w + 32. What are the prime factors of l(-12)?
2, 7
Suppose 27*k = 22*k + 215. List the prime factors of k.
43
Let g be (8/(-3))/(4/(-18)). Suppose 2*z + g = 6*z. List the prime factors of z.
3
Suppose -5*c - 38 = 107. Let t = c - -20. Let n = t - -14. What are the prime factors of n?
5
Let p(j) = -j. Let w be p(-2). Suppose w*q = -q. Suppose 2*n - 10 = q, 0*s - 5*s - 4*n = -75. List the prime factors of s.
11
Let b(r) = -21*r. Let t be b(2). Let c = -13 - t. Suppose -9 = 4*p - c, 4*k - 70 = -2*p. List the prime factors of k.
3, 5
Let t(g) = -g**3 + 7*g**2 + 8*g - 1. Suppose 2*b = -2*b + 5*o + 27, -2*b + 3*o + 13 = 0. Let m be t(b). List the prime factors of (m - 9)*10/(-25).
2
Let j(y) = -6*y**3 + 2*y - 4. Let w(v) = 5*v**3 + v**2 - v + 3. Let m(o) = -4*j(o) - 5*w(o). Let b be m(-4). Let s = b + 9. List the prime factors of s.
2, 3
Suppose -4*g - 23 = 3*r + 158, -4*g + 3*r = 211. What are the prime factors of (-21)/g - (-165)/7?
2, 3
Let z(p) = 8*p**2 + 8*p + 8. List the prime factors of z(-4).
2, 13
Suppose -17*c = -4*a - 21*c + 72, c = 5*a - 60. List the prime factors of a.
13
Suppose 3*c + 9 = -3*w, w = 3*w + 8. Suppose -4*v + 31 + c = 0. List the prime factors of v.
2
Let r be (2 + 0 - 9) + -2. Let w = -12 + 27. Let j = w + r. What are the prime factors of j?
2, 3
Suppose 0 = -4*t + 5 + 11. Suppose -t*z + 12 = -20. What are the prime factors of z?
2
Let z be 2/3 - (-10)/(-15). Suppose -2*g + z + 70 = 0. What are the prime factors of g?
5, 7
Suppose -5*z = 5*s - 20, -4*z - 4 = -2*s + 4. Suppose -2*t - 3*t + 5 = z. List the prime factors of t + -6 + 3 + 5.
3
Let o = 12 + -10. Let h = -10 + 14. Suppose 4*b - o*q - 38 = -0*b, -5*b + 67 = h*q. What are the prime factors of b?
11
What are the prime factors of (-2)/4*5*(-20 + -6)?
5, 13
Let x(c) = -c**3 + 9*c**2 - 5*c + 3. Let y be x(8). Suppose -y = -2*i - 1. List the prime factors of i.
13
Let u(d) = 51*d**2 + d - 1. Let g be u(1). Suppose 7*l - 4*f - 67 = 2*l, g = 3*l + 3*f. List the prime factors of l.
3, 5
Let d = 1 + -1. Suppose 0 = 2*f - d*f. Suppose 3*g + 2 - 17 = f. List the prime factors of g.
5
Suppose 5*c = c + 24. Li